 + 7. What is the units digit of d(-8)?
5
Suppose 425 = 5*p - 3*w, -p + 2*w + 27 = -58. Suppose -r + 6*r = p. What is the tens digit of r?
1
Suppose 0 = f + 2*v + 17, -2*v + 3*v = -1. Let q = f + 27. What is the tens digit of q?
1
Suppose 10 = f - 0*f. Suppose -3*t = 3*n - 21, -3*n - t + f + 11 = 0. Suppose -q + 5*c = n, -q - q + 8 = c. What is the units digit of q?
3
Suppose 3*n = -4*v + 585, -2*v + 300 = -0*n + 4*n. What is the tens digit of v?
4
Let p(y) = -y**3 + 30*y**2 - 14*y - 42. What is the units digit of p(29)?
3
Suppose -6*g + 151 + 41 = 0. What is the tens digit of g?
3
Suppose -7*p + 143 = -6*p. What is the units digit of p?
3
Let b(y) = y**2 - y - 16. Let u be b(0). Let i = 2 - -24. Let c = i + u. What is the tens digit of c?
1
Let s(o) be the third derivative of o**6/60 - o**5/15 - o**4/12 + 2*o**3/3 + 2*o**2. What is the units digit of s(3)?
6
Let p be 4/(-10) - (-154)/35. Suppose b - p*z = 22, 0 = -2*b - 2*b + 2*z + 32. What is the units digit of b?
6
Suppose 10*t - 538 = 1092. What is the tens digit of t?
6
Let q = -8 - 3. Let d = q - -4. Let f(y) = y**2 + 6*y - 6. What is the units digit of f(d)?
1
Suppose 0 = -4*p + 5 + 7. Let k(x) = -x**3 - x**2 + x + 1. Let n be k(-1). Suppose n*s = p*s - 42. What is the units digit of s?
4
Let t(y) = -y**2 - 8*y - 7. Let n be t(-6). What is the units digit of 14/(-8)*(n + -9)?
7
Let f(q) be the first derivative of -2 + 1/2*q**2 - q. What is the units digit of f(8)?
7
Let m(c) be the first derivative of 2 - 2*c - 5/2*c**2. What is the tens digit of m(-3)?
1
Suppose -2*d + 8 = -0*d. Suppose j = 2*k - 3*j + d, -3*j = 2*k - 24. What is the units digit of k?
6
Let t be (-16)/4 + 2 + 0. Let l be (-3)/(-5)*(-20)/t. What is the units digit of 51/l - (-1)/(-2)?
8
Suppose -5*i + 3*i = 4*u + 6, 0 = -4*i - 12. Suppose 0 = -h + 8 + 20. Suppose u = 2*g + 2*g - h. What is the units digit of g?
7
Let g be 4/(-10) - 24/(-10). What is the units digit of (1 - 11)*g/(-4)?
5
Let f be (-4)/3*(-3)/(-2). What is the units digit of 6/12 + (-17)/f?
9
Let j(i) = -8*i - 7. What is the tens digit of j(-4)?
2
Let d(s) be the first derivative of -s**3/3 + 5*s**2/2 - 3*s + 1. Suppose 0 = -7*k + 28. What is the units digit of d(k)?
1
What is the units digit of (-1 - 1) + 2 + 15?
5
Let l be 0 - -2 - 11/(-1). Let u = l + 7. What is the units digit of u?
0
Let k = 13 - 23. Let y = -5 - k. What is the units digit of y?
5
Suppose -1 + 9 = 2*i. Suppose 48 = -r + i*r. What is the tens digit of r?
1
Let p(l) = 4*l - 5. Suppose 4*w - 1 + 10 = 3*f, 2*w - 6 = 0. What is the units digit of p(f)?
3
Suppose -5*i + 106 + 29 = 0. What is the tens digit of i?
2
Suppose 4*f - 60 = 196. What is the tens digit of f?
6
Suppose 0 = 3*d - 8*d - 2*o + 2, 12 = -3*o. Suppose -d*h + 0*h = -6. Let m(t) = t**2 + 3*t - 2. What is the tens digit of m(h)?
1
Suppose 4 = -4*s + 12. Suppose 0 = -t - s*t + 27. Let r = -5 + t. What is the units digit of r?
4
Let k(m) = -11*m - 3. Let z = -10 - -3. Let a be k(z). What is the units digit of a/9 - (-4)/(-18)?
8
Suppose 2*d + 8 = 0, -d + 38 = -3*r - 6*d. Let f = r - -2. What is the units digit of 30/f*(-2)/3?
5
What is the tens digit of (8 + -9)*(-68 + -1 + 2)?
6
Let n = 343 + -204. What is the hundreds digit of n?
1
Let m(x) = 5*x - 3. Let j be m(3). Suppose 0 = -6*p + 3*p + j. What is the units digit of p?
4
Suppose -4*r = -2*r + 48. Let g(k) = k + 7. Let d be g(-3). What is the units digit of ((-2)/d)/(3/r)?
4
Let j = 167 - 79. What is the units digit of j?
8
Let o(u) = u**3 - 13*u**2 + 7*u - 23. What is the units digit of o(13)?
8
Let a = -116 - -248. What is the hundreds digit of a?
1
Let z = -35 + -23. Let i = 81 + z. What is the units digit of i?
3
Suppose -5*q + 52 = 3*i, 2*q + 4*i = i + 28. Let g = 11 - 0. Let c = g - q. What is the units digit of c?
3
Suppose 0*r + 92 = r. What is the units digit of r?
2
Suppose 6*v = 548 + 286. What is the units digit of v?
9
Suppose 0*a - a + 40 = -5*z, -4*z = 5*a - 287. What is the tens digit of a?
5
Suppose -5*g + 4*j + 0*j + 9 = 0, 0 = 2*j - 8. Suppose 3*t + 2*t = g. Let i = t + 3. What is the units digit of i?
4
Suppose -8 = 4*m - 0*m. Let b(f) = -f**2 + 4*f + 4. Let k be b(5). What is the units digit of m/k*(-7)/(-2)?
7
Suppose 4*z - 2 = 14, 0 = -4*q - 5*z + 64. Suppose f + q = 4*i - 2, 2*i + 5*f - 23 = 0. What is the units digit of i/6*(14 - 2)?
8
Let w be (12/(-15))/((-2)/(-30)). Let q = w + 17. What is the units digit of q?
5
Let n be ((-3)/(-2) + -1)*120. Suppose -x = 4*x - n. What is the tens digit of x?
1
Suppose -2*x + 26 = -2*o, 5*x + 4*o + 6 = 62. What is the units digit of (x/10)/((-2)/(-5))?
3
Let w(c) = 2*c**2 - 6*c + 5. What is the units digit of w(4)?
3
Let m be -1 + 0 + -1 + -2. Let s be (-10)/m*(-4)/(-5). Suppose -d + b = -9, -5*d - 27 = -8*d + s*b. What is the units digit of d?
9
Let n be (-1 + 0)*3/(-1). Suppose 14 = n*g + 2*y, -3*y - 3 - 12 = 0. What is the units digit of g?
8
What is the units digit of (-2)/(92/32 + -3)?
6
Suppose a + 3*n = 9, -2*n - 71 - 35 = -4*a. What is the units digit of a?
4
Suppose 4*b + 4 = 5*d, 5*d + 0*d - 1 = b. Suppose d*t - 2*t = 0. Suppose -5*y - 2*h = 3*h - 65, t = -3*y + h + 19. What is the units digit of y?
8
Let p = 67 + -30. What is the units digit of p?
7
Suppose -80 = -10*p + 9*p. What is the units digit of p?
0
What is the units digit of 2/(-14) + 8265/133?
2
Let m(f) = f + 3. Suppose h + 5*a - 4 = -0, 0 = -2*h - 3*a + 15. What is the units digit of m(h)?
2
Suppose -4*n - 85 = -w, 0 = 3*n - 3*w + 25 + 41. Let l = 3 + -1. What is the units digit of n*(6/(-9))/l?
7
Let f(s) = s**3 + 4*s**2 - s. Let d be (-1)/(-3) + (-50)/15. What is the tens digit of f(d)?
1
Let h = 76 + -58. What is the units digit of h?
8
Suppose -5*m + 355 = a, m - 73 = -4*a - 2. What is the tens digit of m?
7
Suppose 3 = m, -2*m = -5*b - m + 7. Suppose b*s = 2*r - 22, r + s = 6*r - 75. What is the units digit of r/2 + 0/3?
8
Suppose 4*s + 12 = 0, s - 4*s = 2*r - 3. Let a = 3 + r. What is the units digit of a?
9
Suppose -l + 1 = -1, -4*m + 4*l = -120. What is the tens digit of m?
3
Suppose 3*t - 77 = 4*u, -5*u + 102 = 4*t + 20. What is the tens digit of t?
2
Let y(h) = -h**2 - 9*h - 8. Let a be y(-7). Suppose 0 = -9*t + a*t + 24. What is the units digit of t?
8
Suppose 2*g = 4*g - 60. What is the units digit of g?
0
Suppose f = -4*u + 19, -4*f = 2*u + 3*u - 21. Suppose l + 3 = -h, 6*h - h = -25. Suppose -u*s + 7 = l. What is the units digit of s?
1
Let n(h) = 0 - h + 2*h**3 - 2*h - 4 - 1 - 4*h**2. What is the tens digit of n(4)?
4
What is the tens digit of (-222)/(-4)*((-114)/18 - -7)?
3
Suppose -4*o + 216 = -h + 5*h, -34 = -h + 4*o. Let n = h + -36. What is the units digit of n?
4
Let g(x) = 10*x**2. Suppose 1 - 9 = -v + 2*d, -4*v = -4*d - 20. Suppose 0 - v = 2*m. What is the units digit of g(m)?
0
Let y = -6 + 11. Let a = 7 - y. What is the units digit of a?
2
Let j(m) = -7*m - 7. Let t(v) = v + 1. Let h be (-3)/(-12) - 10/8. Let g(n) = h*j(n) - 5*t(n). What is the units digit of g(2)?
6
Let m(q) = 2*q**2 + 2*q + 1. Let s(k) = -3*k**2 - 3*k - 1. Let u(o) = -5*m(o) - 4*s(o). Let d be u(-2). Suppose d*p - 15 = -0*p. What is the units digit of p?
5
Suppose 2*x = -2*q - 0*q, -5*x = 2*q - 3. Let k(v) = 9*v + 59 - 59. What is the units digit of k(x)?
9
Let k = -4 - -4. Suppose 3*a + j - 21 = k, -4*j = 4 + 8. What is the units digit of a?
8
Suppose -6*c = -3*c - 27. Let n = c - 3. Suppose -17 = -i - 3*z, -n*z = -2*z - 8. What is the units digit of i?
1
Let t = 110 - 34. What is the units digit of t?
6
Let s(t) = 5*t - 3. Let v be s(2). Suppose -5*a - 4*i = 13, i = 5*a + 2*i + v. What is the units digit of 3 + -4 + (-7)/a?
6
Let w be 2/(-5) - (-74)/10. Let c(n) = -n + 10. Let g be c(w). Suppose g = 3*s - 24. What is the units digit of s?
9
Let b(p) = -7*p - 4. What is the units digit of b(-6)?
8
Suppose 14 = 3*g - 16. Suppose 2*j = j + g. What is the tens digit of j?
1
Let z(v) = -2*v - 8. Let s(g) = 1. Let m(q) = -2*q + 4. Let c(j) = 2*m(j) - 6*s(j). Let r be c(3). What is the units digit of z(r)?
2
Suppose 4*s + 18 = w, 4*s + 3*w + 6 = s. Let k = s + 6. What is the units digit of -1 - (-1 + k - 7)?
5
Let g be (-1 + 1 - -2) + -3. Let m be g + (2 + 2)*6. Let a = -10 + m. What is the tens digit of a?
1
Suppose -35 = g + 4*g. Let z(a) = -